 5*l - 29347*l**2 - 4 + 29340*l**2. Let n(a) = 5*d(a) + 7*z(a). Give n(q).
0
Let w(x) = x**3 + x**2 - 2. Let q(c) = 3*c**3 - 6*c**2 + 6*c - 14. Let d(o) = q(o) - 2*w(o). What is d(7)?
-17
Suppose 0 = 5*i - o - 11, 4*i - 9 = -o + 2*o. Let x(n) = i - 4 + n + 3. Suppose 50*r - 52*r = -5*g - 58, -5*r - 5*g = 65. What is x(r)?
0
Let j be (2 + -3)/(31 - 3588/115). Let d(k) = k. Let s(w) = -5*w + 2. Let n(x) = 6*d(x) + s(x). Determine n(j).
7
Let c(j) = j**2 + 5*j - 87 - 16*j - 2*j**2 + 50. Determine c(-7).
-9
Let q(v) be the third derivative of -v**5/60 - 5*v**4/8 - 8*v**3/3 - 11*v**2 + 14. Give q(-15).
-16
Let g(p) be the first derivative of 3*p**2/2 - p + 10. Suppose 49 = 5*l + 2*r - 115, 2*l = -r + 65. Let i = -32 + l. Determine g(i).
5
Let w(k) = k**2 + 2*k + 4. Suppose 2*m - 277 = -37. Suppose 9*q = 3*q + m. Let p(y) = -y**2 + 21*y - 24. Let b be p(q). What is w(b)?
12
Let i(o) = -11*o**3 - 27*o**2 - 42*o + 68. Let d(r) = 20*r**3 + 55*r**2 + 83*r - 137. Let b(v) = 6*d(v) + 11*i(v). Give b(34).
-6
Let q(l) = 289*l + 11 + 242*l - 516*l. What is q(-7)?
-94
Suppose 603*g - 40 = 613*g. Let m(k) = -22*k + 4. Calculate m(g).
92
Suppose -260 = -96*v + 28. Suppose -23 = -3*p + 4. Let q = p - v. Let g(b) = -b**3 + 6*b**2 - b - 1. What is g(q)?
-7
Let i(d) = -42*d**3 - 27*d**2 + 25*d - 7. Let s(b) = -23*b**3 - 14*b**2 + 13*b - 4. Let y(n) = -6*i(n) + 11*s(n). Calculate y(4).
34
Let k(x) be the first derivative of -3*x**4/2 - 2*x**3/3 + x - 1418. Determine k(-1).
5
Let q be 9*(120/54 + -2). Let n(m) = 136 + 9*m**2 - 3*m**q - 137. What is n(1)?
5
Let o(g) = 68*g - 375. Let p(x) = -137*x + 748. Let j(b) = 7*o(b) + 3*p(b). What is j(6)?
9
Let l(w) be the first derivative of 58 + 1/3*w**3 - 4*w**2 - w. What is l(6)?
-13
Let q(n) = 3*n + 51. Suppose -308 = 38*s + 224. What is q(s)?
9
Let c(b) = -19*b**2 + b**3 + 3 - 2 - 6 + b + 15*b**2. Determine c(3).
-11
Let h(c) = -18. Let l(t) = t - 18. Let d(k) = -4*h(k) + 3*l(k). Suppose -4*a + 9 = -3*a + 5*z, 0 = 5*a + 4*z + 18. Let w be d(a). Let g(f) = f - 16. Give g(w).
-16
Let o(g) = -13 - 4 - 14*g**2 - 14*g - 141*g**3 + 267*g**3 + 5 - 127*g**3. Let s = -32 - -19. Let n be o(s). Let f(b) = 3*b**2 - b. What is f(n)?
2
Let h(s) = 4*s + 34 + 27 - 62 - 11*s**2. Let l(p) = -4*p**2 + 2*p. Let j(u) = -3*h(u) + 8*l(u). Give j(-3).
0
Let q be 55*((-6)/(-10) + 72/(-180)). Let x(s) = -3*s**2 - 32*s - 4*s**2 + 49*s - q*s**2 - 5 + s**3. What is x(17)?
-5
Let i(w) = w**3 - 5*w**2 - 6*w - 4. Let z be 240*1 - (2 + 14)/8. Let g be z/(-4) - (7 - (-15)/(-2)). Let t = g - -65. Calculate i(t).
-4
Let o(f) = 39*f**3 + 3*f**2 - 14*f - 7. Let q(u) = -97*u**3 - u**2 + 28*u + 13. Let j(i) = -5*o(i) - 2*q(i). Let n(k) = k - 8. Let h be n(-6). Calculate j(h).
9
Let p(z) = 535*z**3 - 1072*z**3 - 4 + 536*z**3 - 11*z**2 - 21*z + 13*z**2 + 11*z**2. Determine p(11).
7
Let d(v) = -15*v + 33. Let a(w) = -5 + 14 - w - 7. Let i(r) = 33*a(r) - 2*d(r). Determine i(-6).
18
Let o be 6*(-1)/(-2)*(-3)/(-3). Let c(s) = s**3 + 5*s**2 - 11*s + 3. Let z(q) = q**2 - q. Suppose -v - 24 = 3*v. Let u(l) = v*z(l) + c(l). Determine u(o).
6
Let q(k) be the second derivative of k**5/20 - 11*k**4/6 + 6*k**3 + 81*k**2/2 - 1398*k + 2. What is q(20)?
1
Let z(s) be the first derivative of s**6/360 + s**5/120 - 11*s**4/12 - 2*s**3/3 - 16*s + 181. Let h(v) be the third derivative of z(v). Determine h(0).
-22
Let t(w) = 10*w - 10. Let x = 10639 + -10634. Determine t(x).
40
Suppose 16 = 4*t, 0 = b + 5*t - 3 - 8. Let u(s) = -s**3 + 84*s**2 - 34*s - 8. Let i(c) = -c**3 + 107*c**2 - 45*c - 12. Let v(a) = 4*i(a) - 5*u(a). Give v(b).
1
Let n(b) be the third derivative of 0 - 1/3*b**3 + 0*b - 27*b**2 - 1/24*b**4. Determine n(-8).
6
Let u be -5*(1 + (-11)/5). Let x(d) = 10*d**3 - 15*d**2 - 16*d - 287. Let v(c) = 3*c**3 - 5*c**2 - 5*c - 84. Let o(w) = -7*v(w) + 2*x(w). Determine o(u).
-4
Let a(x) = -58*x - 242. Let w be a(-5). Let c(s) = -25 - w + 106 + 18*s + s**2. Give c(-16).
1
Let i(q) = -q**3 + 12*q**2 + 31*q - 43. Suppose 161*s - 160*s - 11*x + 30 = 0, -5*x - 36 = -4*s. Give i(s).
-1
Let g(s) = -7*s - 56. Let z(r) = -34*r - 276. Let l(y) = 16*g(y) - 3*z(y). Calculate l(-8).
12
Let c(y) = -7*y**2 + 4*y + 3. Let m = -3889 - -3888. Determine c(m).
-8
Let y(n) = -n**3 - 5*n**2 - 2*n + 1. Suppose -450 = 50*t - 48*t. Let a = t - -220. Determine y(a).
11
Let f(n) = -2*n - 41. Let v(j) = 3*j**2 - 23*j - 24. Let q be v(-1). Let h be (11 - (-260)/(-25))/(q/(-70)). Calculate f(h).
1
Let o = 3185 - 3175. Let x(b) = 5*b - 35. Give x(o).
15
Let t(c) = -4*c - 9. Let w be t(-3). Let z(n) = -142 - 3*n**2 + 83 + 0*n**2 + 53 + n**3 + n**2. What is z(w)?
3
Let z(q) be the third derivative of -q**5/20 + 5*q**4/24 - 3*q**3/2 - 5408*q**2. Give z(4).
-37
Let c(o) = -33 - 56*o + 40 + 36*o. Calculate c(7).
-133
Let r(z) = -8*z**2 - 77*z + 33. Let w(l) = -2*l**2 - 14*l + 1. Let i(y) = r(y) - 3*w(y). Give i(-19).
-27
Let q(s) = -12*s - 3*s**3 + 10*s - 9*s**2 + 4*s**3 + 1 + 12*s + 1. Let d = 167 + -160. Give q(d).
-26
Suppose 9075*z - 9084*z + 90 = 0. Let h(c) = c**3 - 8*c**2 - 25*c + 17. Determine h(z).
-33
Let c = 40 - 40. Suppose c = -w - h - 4, 3*w + 12 = h - 2*h. Let b(a) = 1 - 5*a - a**2 + 0*a + 0*a + 0*a**2. Give b(w).
5
Let u(o) = 68 - 14*o - 10 - 15*o**2 - 17 - o**3 - 21 - 10. Let v be u(-14). Let d(r) = 7*r**2 - r**3 - 4*r**2 + 7*r**2 + 2*r - 13. Give d(v).
7
Let k(o) be the second derivative of o**4/12 - 17*o**3/6 + 8*o**2 - o. Let z be k(16). Suppose z*b = -5*b - 5. Let w(n) = 13*n**2 + 2*n + 1. What is w(b)?
12
Let i be (6 - (-115)/(-20))/((-3)/(-36)). Let o = -1 - -3. Let x(k) = o*k**3 - 4*k**3 - 4*k**2 - 3*k + 2*k**2 + 3*k**3. What is x(i)?
0
Suppose 3*c + 2*w = 10, -19 = -5*c - w - 0*w. Let u be c - ((-12)/(-4) + -1). Let a(b) = -b - u + 2*b - b - 2*b. Calculate a(2).
-6
Let g(u) = -25*u**2 + 176*u + 3. Let h be g(7). Let q(f) = 9*f - 112. Determine q(h).
-22
Suppose -2*o + 2*p + 34 = 0, -5*o + 0*o - 4*p + 49 = 0. Let c(n) = 48 + 41 - n + n**3 - o*n**2 - 84. What is c(13)?
-8
Let n(o) = o**3 + 6*o**2 - 8*o + 8. Suppose -235 = -v + 6*v. Let y = v - -55. Let k be ((-42)/(-12))/((-4)/y). Determine n(k).
15
Let o(t) = -2*t - 4. Suppose -r + 5*r - 192 = 4*q, -4*r = -q - 180. Suppose 0 = 2*z - 4*x - 16, r = 3*z - x - 0*x. Suppose 4*j + z = 8*j. Determine o(j).
-12
Let h(d) be the third derivative of d**4/8 + 13*d**3/6 - 2817*d**2. Calculate h(-19).
-44
Suppose -2*y - 80 = -8*g + 3*y, -2*y - 31 = -3*g. Let w(s) = s**3 - 3*s**2 - 16*s - 6. Calculate w(g).
-36
Let d(h) = 2*h**2 - 3*h - 1. Let b be ((-6)/(-3) + -3)*3. Let t be 12*((-1)/b)/1. Suppose 2*n + 12 = -s - s, t*s + n = -12. Give d(s).
13
Let f(s) be the third derivative of -s**5/20 + 11*s**4/24 + 4*s**3/3 + 1206*s**2. What is f(4)?
4
Let k be 110/90 - (-2)/(-9) - -3. Suppose 2*o = 3*m + k, 4*m - 3*o - o + 4 = 0. Let j be 5*(0 + 3/(-15)*m). Let i(d) = -5*d + 3. Give i(j).
-7
Let b(l) = -14*l + 518. Let d(y) = -4*y + 249. Let c(k) = 4*b(k) - 7*d(k). Determine c(12).
-7
Let x(d) be the first derivative of d**3/3 + 4*d**2 - 11*d - 1296. Give x(-8).
-11
Let j(k) be the second derivative of k - 5*k**2 + 1/20*k**5 - 1/3*k**4 + 39 + 1/2*k**3. Give j(4).
2
Let h(x) be the second derivative of -x**3/3 + x**2/2 + 558*x - 6. What is h(-8)?
17
Let a(o) = -o**2 - 6*o + 1. Let w = 141 - 129. Suppose 0 = -4*q - w - 8. Calculate a(q).
6
Let x(g) = g**2 - g - 4 + 2*g - 3*g**2. Let y be (-221)/5083 + (-278)/92*-2 + -2. What is x(y)?
-32
Let i(w) = w**3 + w**2 + w - 5. Let l(d) = d**3 + 26*d**2 - 7*d - 80. Let p be l(-26). Let g = p + -102. Determine i(g).
-5
Let s(l) = 3*l + 11. Let a(v) = -11*v - 39. Let z(g) = 6*a(g) + 25*s(g). What is z(-5)?
-4
Let k(g) = -40*g**3 + 68*g**2 + 83*g - 143. Let m(a) = 29*a**3 - 51*a**2 - 62*a + 107. Let q(h) = -8*k(h) - 11*m(h). Determine q(-16).
-65
Let h(g) be the third derivative of g**7/1680 + g**6/80 - g**5/60 - 2*g**3/3 + 2*g**2 + 70*g. Let d(c) be the third derivative of h(c). Give d(-4).
-3
Let j(v) = -v**3 - 7*v**2 + 4*v + 6. Let m(z) = z**3 + 7*z**2 - 5*z - 6. Let s(t) = -6*j(t) - 5*m(t). Let d = 46 + -138. Let r = d + 86. Determine s(r).
24
Let n(h) be the first derivative of -h**5/120 + 5*h**4/24 + 58*h**3 + 285. Let k(m) be the third derivative of n(m). Determine k(12).
-7
Let l(h) = -h**3 + 1. Suppose 4*w + 1420